me factors of 128451309.
3, 7, 37, 165317
What are the prime factors of 4521528436?
2, 31, 36463939
List the prime factors of 1280632442.
2, 823, 778027
What are the prime factors of 8709659?
7, 839, 1483
List the prime factors of 48948558.
2, 3, 37, 79, 2791
List the prime factors of 16464415.
5, 11, 17, 17609
List the prime factors of 132537125.
5, 7, 151471
List the prime factors of 590042728.
2, 11, 6705031
What are the prime factors of 603235608?
2, 3, 1741, 14437
List the prime factors of 229254129.
3, 13, 17, 79, 1459
What are the prime factors of 184743550?
2, 5, 379, 9749
What are the prime factors of 713175133?
11, 47, 1379449
List the prime factors of 1286022473.
1286022473
What are the prime factors of 19933550?
2, 5, 7, 13, 337
What are the prime factors of 65860815?
3, 5, 59, 74419
List the prime factors of 1247801855.
5, 131, 1905041
List the prime factors of 355712920.
2, 5, 47, 431, 439
List the prime factors of 27608263.
27608263
What are the prime factors of 3024897102?
2, 3, 647, 86579
List the prime factors of 84747788.
2, 17, 61, 20431
What are the prime factors of 312222725?
5, 19, 657311
What are the prime factors of 308550305?
5, 7, 1259389
What are the prime factors of 449227593?
3, 59, 282001
What are the prime factors of 6797592?
2, 3, 19, 4969
What are the prime factors of 1345705190?
2, 5, 2131, 63149
List the prime factors of 6219652.
2, 1554913
What are the prime factors of 222562949?
7, 1033, 4397
List the prime factors of 122337285.
3, 5, 7, 677, 1721
List the prime factors of 96599101.
96599101
What are the prime factors of 530325083?
21089, 25147
List the prime factors of 4115893560.
2, 3, 5, 31, 1106423
What are the prime factors of 3993350364?
2, 3, 110926399
List the prime factors of 244898898.
2, 3, 241, 257, 659
What are the prime factors of 307488634?
2, 9397, 16361
What are the prime factors of 45114662?
2, 29, 777839
List the prime factors of 1679634078.
2, 3, 71, 73, 54011
List the prime factors of 3370846479.
3, 7, 11, 13, 17, 66029
List the prime factors of 352031920.
2, 5, 17, 258847
What are the prime factors of 7141438636?
2, 23, 113, 29867
List the prime factors of 997563612.
2, 3, 19, 1093, 4003
What are the prime factors of 131290413?
3, 439, 99689
List the prime factors of 2960582532.
2, 3, 229, 359, 3001
List the prime factors of 31387878.
2, 3, 41, 14177
List the prime factors of 609402938.
2, 1471, 207139
What are the prime factors of 445305785?
5, 67, 661, 2011
List the prime factors of 30360121.
11, 797, 3463
What are the prime factors of 176790477?
3, 37, 127, 12541
What are the prime factors of 1514166655?
5, 223, 887, 1531
List the prime factors of 711378.
2, 3, 39521
List the prime factors of 105344774.
2, 2693, 19559
What are the prime factors of 198611629?
17, 239, 48883
What are the prime factors of 110969477?
8819, 12583
List the prime factors of 2521589575.
5, 1201, 83983
List the prime factors of 549923597.
683, 805159
List the prime factors of 426060148.
2, 673, 158269
What are the prime factors of 163067049?
3, 71, 255191
List the prime factors of 48188517.
3, 13, 29, 137, 311
What are the prime factors of 65497663?
7, 11, 11047
List the prime factors of 5222489549.
19, 23, 503, 1033
What are the prime factors of 10937142?
2, 3, 607619
List the prime factors of 1022398367.
71, 1031, 13967
What are the prime factors of 28642326?
2, 3, 31, 153991
List the prime factors of 1565337195.
3, 5, 281, 123791
List the prime factors of 87072894.
2, 3, 23, 23369
What are the prime factors of 840750356?
2, 210187589
List the prime factors of 108357881.
17, 109, 58477
List the prime factors of 7359037990.
2, 5, 109, 113, 59747
What are the prime factors of 537250260?
2, 3, 5, 8954171
List the prime factors of 503245226.
2, 11, 101, 226483
What are the prime factors of 96585138?
2, 3, 13, 29, 43, 331
List the prime factors of 82129064.
2, 10266133
What are the prime factors of 6221163630?
2, 3, 5, 11, 3301, 5711
What are the prime factors of 989772328?
2, 1823, 67867
What are the prime factors of 1310714?
2, 655357
What are the prime factors of 2551694793?
3, 850564931
List the prime factors of 348548314.
2, 17, 31, 347, 953
List the prime factors of 1122260753.
1122260753
List the prime factors of 579679129.
269, 2154941
What are the prime factors of 23054498?
2, 11527249
What are the prime factors of 194674404?
2, 3, 16222867
What are the prime factors of 948594872?
2, 29, 4088771
List the prime factors of 265759463.
12703, 20921
What are the prime factors of 425363906?
2, 11, 19, 1017617
What are the prime factors of 29155639?
29155639
What are the prime factors of 3712353337?
7, 11, 59, 107, 1091
What are the prime factors of 134792680?
2, 5, 11, 306347
List the prime factors of 959328720.
2, 3, 5, 7, 131, 1453
What are the prime factors of 308707257?
3, 67, 1535857
What are the prime factors of 190167192?
2, 3, 157, 16823
List the prime factors of 2143285711.
7, 3989, 76757
What are the prime factors of 92746629?
3, 10305181
List the prime factors of 1186241880.
2, 3, 5, 79, 125131
List the prime factors of 27294025.
5, 11, 99251
What are the prime factors of 1787010745?
5, 13, 107, 256939
What are the prime factors of 1289866343?
317, 4068979
List the prime factors of 739286928.
2, 3, 5133937
List the prime factors of 995356507.
6581, 151247
What are the prime factors of 5809091564?
2, 1452272891
List the prime factors of 1260401362.
2, 11, 57290971
List the prime factors of 176709348.
2, 3, 19, 73, 3539
List the prime factors of 2628681993.
3, 7, 41725111
What are the prime factors of 899897910?
2, 3, 5, 29996597
List the prime factors of 21491764.
2, 7, 61, 12583
What are the prime factors of 6788687?
6788687
List the prime factors of 811193660.
2, 5, 40559683
What are the prime factors of 324151264?
2, 10129727
What are the prime factors of 317584020?
2, 3, 5, 13, 59, 67, 103
What are the prime factors of 4537848318?
2, 3, 17, 19, 2341511
List the prime factors of 77026871.
29, 2656099
What are the prime factors of 16968599?
16968599
List the prime factors of 58538218.
2, 37, 47, 16831
What are the prime factors of 119932108?
2, 3527, 8501
What are the prime factors of 1045993292?
2, 97, 173, 15583
List the prime factors of 72026659.
72026659
What are the prime factors of 215600627?
11, 19600057
List the prime factors of 469368692.
2, 13, 773, 11677
What are the prime factors of 96122633?
37, 2597909
What are the prime factors of 1122431415?
3, 5, 7, 31, 61, 5653
List the prime factors of 219782838.
2, 3, 11, 53, 83, 757
What are the prime factors of 50801735?
5, 1847, 5501
What are the prime factors of 268399815?
3, 5, 3463, 5167
List the prime factors of 3549867253.
3549867253
What are the prime factors of 6174375667?
13723, 449929
List the prime factors of 46910335.
5, 19, 493793
List the prime factors of 28645141.
7, 19, 37, 5821
What are the prime factors of 2796539245?
5, 47, 11900167
What are the prime factors of 92692201?
7, 31, 79, 5407
What are the prime factors of 609913078?
2, 47, 1277, 5081
List the prime factors of 709948794.
2, 3, 19, 31, 200891
List the prime factors of 32327978.
2, 31, 227, 2297
What are the prime factors of 1598839986?
2, 3, 23, 229, 50593
List the prime factors of 6068312166.
2, 3, 7, 144483623
What are the prime factors of 47210583?
3, 7, 2248123
What are the prime factors of 20497293?
3, 31, 907
List the prime factors of 2813710177.
37, 59, 1288919
List the prime factors of 23997838.
2, 163, 73613
List the prime factors of 264824978.
2, 11, 47, 256117
What are the prime factors of 1539592673?
1539592673
What are the prime factors of 3738571934?
2, 59, 31682813
List the prime factors of 591818625.
3, 5, 79, 6659
What are the prime factors of 55637772?
2, 3, 509, 9109
What are the prime factors of 101969062?
2, 13, 127, 30881
List the prime factors of 562641879.
3, 73, 191, 13451
List the prime factors of 27084064.
2, 7, 23, 751
What are the prime factors of 1832159859?
3, 151, 4044503
List the prime factors of 1664878.
2, 17, 23, 2129
What are the prime factors of 23464606?
2, 11, 67, 15919
What are the prime factors of 80477351?
173, 465187
List the prime factors of 435492163.
523, 832681
List the prime factors of 1870175718.
2, 3, 10389